{"id":343,"date":"2012-08-07T15:44:26","date_gmt":"2012-08-07T15:44:26","guid":{"rendered":"http:\/\/arbitrio.se\/?page_id=343"},"modified":"2023-12-17T13:53:54","modified_gmt":"2023-12-17T13:53:54","slug":"lankar","status":"publish","type":"page","link":"https:\/\/arbitrio.se\/?page_id=343","title":{"rendered":"L\u00e4nkar"},"content":{"rendered":"<p>H\u00e4r\u00a0kommer du att hitta\u00a0l\u00e4nkar till s\u00e5dant som vi tycker \u00e4r intressant att dela med oss av:<\/p>\n<h3><span style=\"color: #003300;\">Forskning\/Vetenskap:<\/span><\/h3>\n<h4><span style=\"text-decoration: underline;\"><strong>Stress<\/strong><\/span><\/h4>\n<p>Stressforskningsinstitutet: \u00a0<a href=\"http:\/\/www.stressforskning.su.se\/\" target=\"_blank\" rel=\"noopener\">http:\/\/www.stressforskning.su.se\/<\/a><\/p>\n<p>Illustrerad Vetenskap: Meditation hj\u00e4rnforskning \u00a0<a href=\"http:\/\/illvet.se\/manniskan\/sjukdom-behandling\/meditation-gor-om-hjarnan\">http:\/\/illvet.se\/manniskan\/sjukdom-behandling\/meditation-gor-om-hjarnan<\/a><\/p>\n<h4><span style=\"text-decoration: underline; color: #003300;\"><strong>Mindfulness<\/strong><\/span><\/h4>\n<p><strong>Tidningen Modern Psykologi &#8221;Mindfulness enligt neurovetenskapen&#8221; \u00a0<\/strong><a href=\"http:\/\/modernpsykologi.wordpress.com\/2014\/03\/17\/mindfulness-enligt-neurovetenskapen\/\" target=\"_blank\" rel=\"noopener\">http:\/\/modernpsykologi.wordpress.com\/2014\/03\/17\/mindfulness-enligt-neurovetenskapen\/<\/a><\/p>\n<p><strong>Mindfulness Research Guide<\/strong>: <a href=\"http:\/\/www.mindfulexperience.org\/evidence-base.php\" target=\"_blank\" rel=\"noopener\">http:\/\/www.mindfulexperience.org\/evidence-base.php<\/a><\/p>\n<p><strong>UCLA Mindful Awareness Research Center<\/strong>: <a href=\"http:\/\/marc.ucla.edu\/default.cfm\" target=\"_blank\" rel=\"noopener\">http:\/\/marc.ucla.edu\/default.cfm<\/a><\/p>\n<p><strong>UMAS\u00a0Center for Mindfulness Therapeutic Neuroscience Lab: <\/strong>\u00a0<a href=\"http:\/\/www.umassmed.edu\/cfm\/research\/\" target=\"_blank\" rel=\"noopener\">http:\/\/www.umassmed.edu\/cfm\/research\/<\/a><\/p>\n<p><span style=\"font-weight: bold; color: #000000;\">Psychiatry Research: Neuroimaging: <\/span><strong><span style=\"color: #000000;\">&#8221;\u00a0<\/span><span style=\"color: #000000;\">Mindfulness practice leads to increases in regional brain gray matter density&#8221;<\/span><\/strong><span style=\"font-weight: bold; color: #000000;\"> \u00a0<\/span><a href=\"http:\/\/www.psyn-journal.com\/article\/S0925-4927(10)00288-X\/abstract\" target=\"_blank\" rel=\"noopener\">http:\/\/www.psyn-journal.com\/article\/S0925-4927(10)00288-X\/abstract<\/a><\/p>\n<p><strong>Psychology Today: &#8221;20 Scientific Reasons to Start Meditating Today&#8221; \u00a0<\/strong><a href=\"http:\/\/www.psychologytoday.com\/blog\/feeling-it\/201309\/20-scientific-reasons-start-meditating-today\" target=\"_blank\" rel=\"noopener\">http:\/\/www.psychologytoday.com\/blog\/feeling-it\/201309\/20-scientific-reasons-start-meditating-today<\/a><\/p>\n<p style=\"color: #333333;\"><strong>L\u00e4kartidningen artikel<\/strong> &#8221;Mindfulness-meditation \u2013 nygammal metod f\u00f6r att lindra stress&#8221;: \u00a0 <a href=\"http:\/\/www.lakartidningen.se\/Functions\/OldArticleView.aspx?articleId=5164\" target=\"_blank\" rel=\"noopener\">http:\/\/www.lakartidningen.se\/Functions\/OldArticleView.aspx?articleId=5164<\/a><\/p>\n<p style=\"color: #333333;\"><strong>Stanford School of medicine \u00a0&#8221;<span style=\"color: #000000;\">The Center for Compassion And Altruism Research And Education&#8221;<\/span><\/strong><a href=\"http:\/\/ccare.stanford.edu\/research\/%20\" target=\"_blank\" rel=\"noopener\"><span style=\"color: #000000;\">http:\/\/ccare.stanford.edu\/research\/\u00a0<\/span><\/a><strong><span style=\"color: #000000;\">\u00a0<\/span><\/strong><\/p>\n<h4><span style=\"text-decoration: underline;\"><strong>Brainwave<\/strong><\/span><\/h4>\n<p><a href=\"http:\/\/www.brainwavecollege.com\/brainwave-entrainment-research-further-reading.html\" target=\"_blank\" rel=\"noopener\">http:\/\/www.brainwavecollege.com\/brainwave-entrainment-research-further-reading.html<\/a><\/p>\n","protected":false},"excerpt":{"rendered":"<p>H\u00e4r\u00a0kommer du att hitta\u00a0l\u00e4nkar till s\u00e5dant som vi tycker \u00e4r intressant att dela med oss av: Forskning\/Vetenskap: Stress Stressforskningsinstitutet: \u00a0http:\/\/www.stressforskning.su.se\/ Illustrerad Vetenskap: Meditation hj\u00e4rnforskning \u00a0http:\/\/illvet.se\/manniskan\/sjukdom-behandling\/meditation-gor-om-hjarnan Mindfulness Tidningen Modern Psykologi &#8221;Mindfulness enligt neurovetenskapen&#8221; \u00a0http:\/\/modernpsykologi.wordpress.com\/2014\/03\/17\/mindfulness-enligt-neurovetenskapen\/ Mindfulness Research Guide: http:\/\/www.mindfulexperience.org\/evidence-base.php UCLA Mindful Awareness Research Center: http:\/\/marc.ucla.edu\/default.cfm UMAS\u00a0Center for Mindfulness Therapeutic Neuroscience Lab: \u00a0http:\/\/www.umassmed.edu\/cfm\/research\/ Psychiatry Research: Neuroimaging: &#8221;\u00a0Mindfulness practice [&hellip;]<\/p>\n","protected":false},"author":1,"featured_media":0,"parent":0,"menu_order":0,"comment_status":"closed","ping_status":"closed","template":"","meta":{"_ti_tpc_template_sync":false,"_ti_tpc_template_id":"","footnotes":""},"_links":{"self":[{"href":"https:\/\/arbitrio.se\/index.php?rest_route=\/wp\/v2\/pages\/343"}],"collection":[{"href":"https:\/\/arbitrio.se\/index.php?rest_route=\/wp\/v2\/pages"}],"about":[{"href":"https:\/\/arbitrio.se\/index.php?rest_route=\/wp\/v2\/types\/page"}],"author":[{"embeddable":true,"href":"https:\/\/arbitrio.se\/index.php?rest_route=\/wp\/v2\/users\/1"}],"replies":[{"embeddable":true,"href":"https:\/\/arbitrio.se\/index.php?rest_route=%2Fwp%2Fv2%2Fcomments&post=343"}],"version-history":[{"count":12,"href":"https:\/\/arbitrio.se\/index.php?rest_route=\/wp\/v2\/pages\/343\/revisions"}],"predecessor-version":[{"id":570,"href":"https:\/\/arbitrio.se\/index.php?rest_route=\/wp\/v2\/pages\/343\/revisions\/570"}],"wp:attachment":[{"href":"https:\/\/arbitrio.se\/index.php?rest_route=%2Fwp%2Fv2%2Fmedia&parent=343"}],"curies":[{"name":"wp","href":"https:\/\/api.w.org\/{rel}","templated":true}]}}